 1 = -x. Calculate the highest common divisor of h and g.
4
Suppose 2*f + 90 = 7*f. What is the greatest common divisor of f and 198?
18
Suppose -b = -2*b + 208. Calculate the highest common divisor of 52 and b.
52
Let c = -16 - -34. Let a = 15 + -6. What is the highest common factor of a and c?
9
Let h = 36 + -17. Calculate the highest common divisor of 57 and h.
19
Let r(u) = -u**3 + u**2. Let n be r(-1). What is the highest common factor of 4 and n?
2
Suppose -4*c + 145 = 5*t, c - 6*t + 10*t - 50 = 0. Suppose 5*w - 497 = 313. Let s = w + -87. What is the highest common divisor of s and c?
15
Suppose 3*w - 2*y - 210 = 0, 0 = -5*w - 2*y + 289 + 77. Calculate the highest common divisor of w and 24.
24
Let p = -33 + 73. Let f(c) = 4*c**2. Let n be 2*(0 - (1 + 0)). Let a be f(n). Calculate the greatest common divisor of a and p.
8
Let d(b) = 5 + 1 + 3*b**2 - 3 - 2*b. Let a be d(-5). Let c = 86 + -75. What is the greatest common factor of c and a?
11
Let p be 1/((-2)/(16/(-2))). Let r be p/8*(2 - -12). Suppose y - 7 - r = -k, 0 = 5*k + 20. What is the highest common divisor of 126 and y?
18
Let x(b) = b**2 - 2*b - 5. Let k be x(4). Suppose k*d = 8*d + 4*p - 292, 4*d + 5*p = 230. What is the greatest common divisor of 24 and d?
12
Suppose -5*n - 2 = 8. Let q = 4 - n. Calculate the greatest common divisor of 3 and q.
3
Suppose -3*j - 203 = 145. Let b = j - -228. What is the greatest common factor of b and 16?
16
Suppose -3*v - 2*v = 15. Let u be ((-20)/(-6))/((-2)/v). Suppose -i = -u*i + 108. What is the greatest common divisor of 9 and i?
9
Let y be (-4)/(-5) - (-264)/20. What is the greatest common divisor of y and 112?
14
Suppose 28 = q - 4*n, 4*n - n = -q + 7. What is the highest common divisor of q and 48?
16
Let d(p) = -2*p**3 + 2*p**2 + 3*p - 3. Let z be d(-3). Suppose 80 = 2*i + x, 4*i + 3*x - 22 - 138 = 0. Calculate the greatest common factor of i and z.
20
Let y be (7/(-5) - 9/15) + 13. What is the greatest common factor of 121 and y?
11
Suppose 2*v - 10 = 0, 2*l - 117 = -0*l + 3*v. What is the highest common factor of 44 and l?
22
Suppose 3*a + 51 - 129 = 0. Suppose 0 = -2*k - k + 195. What is the greatest common divisor of k and a?
13
Let b = -75 - -101. Calculate the greatest common factor of 13 and b.
13
Suppose 5*p = -0*x + 3*x - 44, -3*x + 3*p + 36 = 0. What is the greatest common factor of 72 and x?
8
Let t(x) = -x**3 - 8*x**2 + 7*x - 9. Let s be t(-9). What is the highest common factor of 27 and s?
9
Let y(n) = n + 33. Let d be y(-29). What is the highest common divisor of d and 26?
2
Suppose -2*u + 0*u = 12. Let j(g) = -g**3 - 7*g**2 - 5*g - 3. Let a be j(u). Let s = a + 15. Calculate the greatest common factor of s and 12.
6
Let t = 9 + -5. Calculate the highest common divisor of 10 and t.
2
Suppose 6*j + 444 = 1830. Calculate the highest common divisor of j and 21.
21
Let i(s) = 7*s**2 - 3*s - 1. Let v be i(-2). Calculate the highest common divisor of v and 22.
11
Let s(r) = 7*r**2 + 4*r + 1. Let t be s(-2). What is the greatest common factor of 84 and t?
21
Let l = 6 + 6. What is the highest common divisor of 132 and l?
12
Suppose 10 = 3*g - 14. What is the highest common factor of 32 and g?
8
Let i be -8*(-1 + 16*(0 + -1)). Calculate the greatest common factor of i and 17.
17
Let p(v) = v**3 + 5*v**2 - 7*v - 6. Let m be p(-6). Suppose m = 4*d + 28 - 108. Suppose -w + 0*w + d = 0. What is the highest common factor of w and 60?
20
Let o be (-20)/(-2) - (-1 + 4). Suppose -3*k - 40 = -o*k. Calculate the highest common divisor of 2 and k.
2
Let n = -18 + 11. Let l be 5/15 + (-55)/3. Let s be (-4)/l + n/(-9). What is the greatest common factor of 3 and s?
1
Suppose -3*y + 245 = 5*x, 2*x = -2*x + y + 213. Suppose -12 = -k + 1. Suppose 2*h - h = k. Calculate the greatest common factor of h and x.
13
Suppose 0 = 2*f + z - 10 - 5, -5*f - 4*z = -45. What is the greatest common divisor of f and 1?
1
Let y be (-6)/27 - 130/(-18). What is the greatest common divisor of y and 21?
7
Let c be 418 + 1 - (27 + -26). Calculate the greatest common factor of 38 and c.
38
Suppose -8*x - 2*j + 10 = -4*x, 5*x - 14 = -4*j. Calculate the greatest common divisor of x and 16.
2
Let j(v) = v**2 - 10*v. Let s be j(12). What is the highest common divisor of s and 40?
8
Suppose -5*r = -13 - 162. Suppose 0*i = 3*i. Let x(g) = g**3 - g**2 + g + 5. Let m be x(i). What is the greatest common divisor of m and r?
5
Suppose 0 = 3*o + 3*l - 21, -l + 4 - 3 = 0. What is the greatest common factor of o and 54?
6
Let c = 67 + -35. Calculate the greatest common divisor of 160 and c.
32
Let l = 9 + 9. Let m = l + -10. What is the highest common factor of 24 and m?
8
Suppose 2*t - 5 = 1. Calculate the greatest common divisor of t and 6.
3
Let z(f) = -38*f - 27. Let y be z(-2). What is the highest common factor of 441 and y?
49
Suppose 0 = -5*u - 85 + 10. Let b = 30 + u. Let o = 5 - 0. What is the highest common divisor of o and b?
5
Suppose 5*o - 30 = -s + 4*o, 0 = -5*o - 10. What is the greatest common divisor of 96 and s?
32
Suppose -2*v - 2*v + 12 = -4*a, 0 = -2*a - 2*v + 2. Let g be -2 - (-4 + -2 - a). Let t = 15 - 3. What is the highest common factor of g and t?
3
Let a(i) = 4*i + 1. Let j be a(-1). Let v be j/15 - 316/(-5). Let s(q) = 2*q**2 + 5*q - 3. Let z be s(-4). What is the highest common divisor of z and v?
9
Let c(f) = 2*f**2 + 5*f - 1. Let m be c(-5). Let u be 4/(-22) - 398/(-11). Calculate the highest common divisor of m and u.
12
Let s be (20*-1 + 0)/(2*-1). Calculate the highest common factor of s and 35.
5
Suppose -f + 2*d + 44 = 4*f, -4*f + 4*d = -28. What is the highest common factor of f and 90?
10
Suppose 5*d = 8*d - 3. What is the greatest common divisor of d and 3?
1
Let p be (-7)/(-3) + (-4)/(-6). Let w be (p/2)/((-1)/(-48)). Let d = -9 + w. What is the highest common factor of 9 and d?
9
Suppose 0 = -b - 3*b + 8, -154 = -d - 5*b. Calculate the greatest common divisor of d and 36.
36
Let a be -2*3/18*-3. What is the highest common divisor of 9 and a?
1
Suppose 0 = -2*z - 9 + 3, -z - 25 = -c. Calculate the highest common divisor of c and 55.
11
Let p = 5 + 21. Calculate the greatest common factor of p and 39.
13
Let v(l) = l**2 + 14*l - 43. Let z be v(-19). Suppose -46 = -2*u + 3*j - 0*j, 3*j - 6 = 0. What is the greatest common factor of z and u?
26
Suppose 0 = -3*r - f + 22, 0*r = r + f - 8. Let h be 1/((-194)/98 + 2). What is the highest common factor of r and h?
7
Let p = 14 - 8. Calculate the greatest common factor of p and 3.
3
Suppose -3*b + 58 = 3*t - 2, -4*t + 90 = -b. Let z = 93 + -82. What is the highest common divisor of t and z?
11
Let r(c) = -3 + 5*c**2 + 1 + 2. Let p be r(4). Let d(f) = 7*f + 2. Let i be d(2). What is the greatest common factor of i and p?
16
Suppose -2*i = 2*i - 48. Suppose 5*o = -3*k + 61, -4*k + 0*o - o = -53. Calculate the highest common factor of i and k.
12
Suppose m + 2*m = 432. Calculate the highest common factor of m and 16.
16
Suppose f + 98 = 3*f. Suppose 4*r + l = 2*l + f, 63 = 5*r - 3*l. What is the highest common factor of 30 and r?
6
Let w be -1*2 + 24/3. Suppose -35 = 2*l + 2*q + 3, -l - 3*q - 29 = 0. Let k be -1 - (2 - 4) - l. What is the greatest common factor of k and w?
3
Suppose 2*z + 496 = 3*f, 217 - 1022 = -5*f - z. Let g = 343 - 325. Calculate the greatest common divisor of g and f.
18
Suppose -w - 2*r + 44 = 8, 0 = 5*r - 5. Calculate the highest common divisor of 272 and w.
34
Let c = -8 + 22. Calculate the greatest common divisor of 98 and c.
14
Suppose 0 = -5*r + 11*r - 30. Calculate the greatest common divisor of 35 and r.
5
Let t(p) = 4 - 2 - 5*p - 1 - 2*p. Let a be t(-1). Calculate the highest common factor of a and 12.
4
Let g(u) be the second derivative of -4*u**3 + 5*u. Let w be g(-1). What is the highest common factor of 3 and w?
3
Suppose 5*r = 15, 0 = 2*y + 4*r - 7 - 11. Suppose -y*j = 52 - 547. What is the highest common divisor of 15 and j?
15
Let h = -43 - -60. Suppose 4*v = -4*m + m + h, 0 = -3*v - 4*m + 18. Suppose 5*f - 16 + 1 = 0. Calculate the highest common divisor of f and v.
1
Let w(s) = 37*s**2 - 1. Let z be w(-1). Let u be ((-30)/35)/((-6)/28). What is the greatest common divisor of u and z?
4
Suppose 0 = -4*w + 21 + 299. What is the greatest common divisor of 16 